w + 3*z - 86. Calculate the remainder when w is divided by (-10)/4*(-1 - 3).
9
Suppose 7*t - 880 = 3*t. Suppose 4*q - 9*q + t = 0. Suppose 3*r - 13 = -a + 4*r, -3*a = -2*r - q. What is the remainder when 52 is divided by a?
16
Let i(b) = 4*b - 9. What is the remainder when 18 is divided by i(5)?
7
Suppose -29*q + 27*q + 16 = 0. Calculate the remainder when 2 + 7/(-1)*-5 is divided by q.
5
Let i(a) = a**2 + 13*a + 2. Let n be i(-11). Suppose -5*f + 7 = -8. What is the remainder when (n/(-8))/((-1)/(-2)) is divided by f?
2
Let z(m) be the first derivative of -2*m**4 - m**3 - 2*m**2 + 6*m + 2. Let h be z(4). Calculate the remainder when (-2)/(-7) - h/14 is divided by 14.
13
Let k(g) = -g**3 + 3*g**2 - g - 2. Let w be k(2). Suppose -2*l = -w*l - 30. What is the remainder when 44 is divided by l?
14
Let n = 17 + -47. Let m = -14 - n. Calculate the remainder when 63 is divided by m.
15
Let y(s) = -45*s**3 + s**2 + 2*s + 1. What is the remainder when y(-1) is divided by 12?
9
Let t = -22 - -31. Calculate the remainder when 35 is divided by t.
8
Suppose -2*v + 4 = 0, -s + 5*v = 2*s - 2. Calculate the remainder when (2/s)/((-6)/(-120)) is divided by 4.
2
Let l(i) = -2*i**3 + 21*i**2 + 11*i + 15. Calculate the remainder when l(11) is divided by 6.
3
Let p = -8 + 17. Suppose 3*d - 4*y + 7*y - 3 = 0, -3 = -y. What is the remainder when 50*((-5)/(-2) + d) is divided by p?
7
Suppose 15 = t - 4*t. Let v be t/2*-1*2. Let c(a) = a**3 - 6*a**2 + 8*a - 4. Calculate the remainder when c(v) is divided by 6.
5
Suppose 3*s = -3*l + 24, 3*l = -0*s + 3*s - 30. Suppose -4*k - 3 = -5*q - 80, 0 = 3*q - s. Calculate the remainder when 68 is divided by k.
22
Let a be (-218)/6 + (-3)/(-9). Let i(f) = f - 12. Calculate the remainder when i(37) is divided by a/(-2)*(-2)/(-4).
7
Let o(n) = 16*n - 1. Calculate the remainder when 122 is divided by o(2).
29
Suppose 8*o = -3*o + 44. What is the remainder when 17 is divided by o?
1
Suppose -3*s = -2*i - 91, 5*s - i + 3*i - 141 = 0. What is the remainder when 53 is divided by s?
24
Suppose -714 = -13*b - b. Calculate the remainder when b is divided by 19.
13
Let d = 94 + -52. What is the remainder when d is divided by 15?
12
Suppose -3*p = 2*p - 5*l - 280, -3*l = -2*p + 116. Calculate the remainder when p is divided by 11.
8
What is the remainder when ((-2 - 168)/5)/(-2) is divided by 2?
1
Let b = 27 - 14. Let t = b + 44. Calculate the remainder when t is divided by 20.
17
Let g(r) = r**2 + 9*r + 15. Let a be g(-10). Suppose -4*c + 5*h - 8 = 15, 3*c + a = -4*h. Let t = c - -18. What is the remainder when 32 is divided by t?
10
Calculate the remainder when 24 is divided by 39 + -21 + -1 + -2.
9
Let j = 3 + 2. What is the remainder when 24 is divided by j?
4
Let t = 0 - -5. Suppose 5*j - 21 = 2*m, 0*j + t*m + 21 = 2*j. Suppose 0 = j*u - d - 28, -d - 8 = -u - 0*u. Calculate the remainder when 19 is divided by u.
9
Suppose -3*y - y = -8. What is the remainder when y is divided by 2?
0
Suppose 4*z - 28 = 3*z. Calculate the remainder when z is divided by 15.
13
Let h = -15 + 21. What is the remainder when 9 is divided by h?
3
Let l(g) = 2*g**2 - 3*g - 2. Calculate the remainder when l(-5) is divided by 22.
19
Suppose -2*f + f = -2. Suppose -l - 22 = -3*g, -2*g + 4*g - 20 = f*l. Suppose -2*b + 17 = -17. What is the remainder when b is divided by g?
5
Let a = -16 + 36. Suppose k + 6 - 44 = 0. What is the remainder when k is divided by a?
18
Let z be 0/2 + 3 + -7. Let n = 22 + z. Suppose s - n = -s. Calculate the remainder when s is divided by 5.
4
Let g = 20 - -28. Calculate the remainder when g is divided by 13.
9
Suppose -17 = -2*n + 1. Suppose 30 = 3*f - n. Suppose 0 = -3*i - m - m + 34, -m = 3*i - 29. What is the remainder when f is divided by i?
5
Let j = 175 + -151. Calculate the remainder when 71 is divided by j.
23
Let p = 123 - 59. What is the remainder when p is divided by 17?
13
Suppose 5*q - 177 = 38. Calculate the remainder when q is divided by 6/12*16 + 3.
10
Suppose 3 + 25 = 5*w - 4*c, 2*c + 12 = 2*w. Suppose 3*h + f - 3 = 0, 0*h - w*f - 6 = 3*h. Calculate the remainder when ((-1)/1 + -1)/(-1) is divided by h.
0
Let f be (3 - 0) + -6 - -91. Suppose -c = c - 10, 4*z = -4*c + f. Calculate the remainder when z is divided by 10.
7
Calculate the remainder when 105/(-7)*(-9)/5 is divided by 10.
7
Let j(s) = 3*s**2 - s - 7. Calculate the remainder when j(-3) is divided by 14.
9
Let b be ((-1)/2)/((-1)/16). Suppose -b = -2*n + 28. Let r = -7 + n. What is the remainder when r is divided by 6?
5
Let h be -7 + 9 - (4 + -1). What is the remainder when 15 is divided by -2 - h - (-11 + 2)?
7
Suppose -3*d + 2*d = 3*s - 7, -3*s - 31 = -d. Suppose -5*b + d + 1 = 0. Calculate the remainder when b is divided by 3.
1
Let o(z) = z**3 + 7*z**2 - 11*z - 7. What is the remainder when 33 is divided by o(-8)?
16
Let s = 40 - 11. Let c be 49 - 1/2*-2. Suppose -f - c = -6*f. What is the remainder when s is divided by f?
9
Let g(c) = c - 14. Let k be g(10). Let a = k + 13. What is the remainder when 35 is divided by a?
8
Let q be (2 - 2)/(-2) + 0. Suppose -2*s - 2*g + q = -4, 27 = s - 4*g. What is the remainder when 18 is divided by s?
4
Let m(r) = -4*r - 2*r + r + 3*r - 6. What is the remainder when 5 is divided by m(-4)?
1
What is the remainder when 43 is divided by 92/8*(5 + -3)?
20
What is the remainder when 6/9*102/2 is divided by 19?
15
Calculate the remainder when 18 is divided by 2/(-12)*-3*20.
8
Let d = -6 + 12. What is the remainder when 16 is divided by d?
4
Let r(g) = -3*g + 2. Let u(n) = -n**3 + 3*n**2 - 2*n - 2. Let l be u(2). Calculate the remainder when 23 is divided by r(l).
7
Let z = -54 + 68. Calculate the remainder when 27 is divided by z.
13
Let r be 4/6 + 10/3. Let s = -8 + 11. Suppose -r*x = -u - 82, s*x = 2*x + u + 22. Calculate the remainder when 38 is divided by x.
18
Suppose 3*x = 5*x - 10. Calculate the remainder when x is divided by 3.
2
Let f = -4 - -1. Let w = 11 + -7. Calculate the remainder when (-2)/(-4)*(-42)/f is divided by w.
3
Let d(u) = u + 9. Let s = 10 + -14. What is the remainder when ((-2)/3)/(s/150) is divided by d(0)?
7
Suppose 0 = -v - 1, 0*v = 2*b + v + 139. Let f = b + 142. Calculate the remainder when 34 is divided by 2/(-8) - f/(-4).
16
Let s(o) = o + 9. Let h be s(-9). Suppose h*x + 9 = x. What is the remainder when 25 is divided by x?
7
Let a(h) = -h + 2*h**2 + 17 + 0*h - h**2. Let z be ((0/2)/(-1))/(-2). Calculate the remainder when a(z) is divided by 9.
8
Let f = -34 - -46. What is the remainder when 35 is divided by f?
11
Suppose 2*v - 38 = -5*r + 151, 5*v - 10 = 0. What is the remainder when r is divided by 13?
11
Suppose -4*o - 2*n + n = -63, -2*o + 42 = 4*n. Suppose -o*p + 405 = -10*p. Calculate the remainder when p is divided by 21.
18
What is the remainder when 79 + -4*(-3 - -4) is divided by 13?
10
Suppose 141 - 41 = 5*i. Suppose -4*d + i + 23 = 3*t, -8 = -2*d. What is the remainder when 26 is divided by t?
8
Suppose 0 = -0*k - 4*k + 180. What is the remainder when k is divided by 24?
21
Suppose 0 = -2*n + 4*y - 16, -5*n + 3*y - 7 = -n. Suppose -14 - 18 = -n*l. What is the remainder when 47 is divided by l?
15
Suppose 0 = -16*b + 14*b + 24. Calculate the remainder when 35 is divided by b.
11
Let b(o) = -o**3 + 10*o**2 - 8*o - 5. What is the remainder when b(8) is divided by 12?
11
Let t(g) = g**2 + g + 13. What is the remainder when t(6) is divided by 14?
13
What is the remainder when 195 is divided by (-3 + 5 + -3)*-49?
48
Let w(h) = -53*h - 8. Let d be w(-6). Let m be (3 - 51/12)*-4. Suppose 0 = -m*q - 5*z + d, 3*q - 243 = -q - 5*z. What is the remainder when q is divided by 23?
21
Suppose 0 = 2*w - 14 + 4. Suppose 3*s - t - 4*t = 22, -w*s + 28 = -4*t. Let h = 11 - s. What is the remainder when 13 is divided by h?
6
Suppose -l = 5*y - 45, -11 = -l - 2*y + 49. Suppose -2*w + 48 = 2*w. Calculate the remainder when l is divided by w.
10
Let i(c) = 2*c**2 - c + 17. What is the remainder when 33 is divided by i(0)?
16
Let m = 0 - 0. Suppose -3*i - 9 = 5*a, m = -2*i + 5*a + 6 + 13. Calculate the remainder when i is divided by 2.
0
Suppose -2*f - 20 = -w, 0*f = -3*w - 2*f + 28. Let r(y) = 2*y**2 + 8*y - 8. What is the remainder when r(-7) is divided by w?
10
Suppose 0 = -5*l + 4*l + 3. Suppose 